se 104 = o + 5*n, -5*o + 0*n = 3*n - k. Is o composite?
True
Let v be -3 + (-1 - (-10 + 3)). Suppose -v*j + 14 = -j. Let c = j + 4. Is c composite?
False
Let y = -33 + 39. Let u(h) = 25*h**2 - 2*h + 11. Is u(y) prime?
False
Suppose -317892 + 1571875 = 23*o. Is o prime?
True
Suppose m + 1413 = -p + 5*p, 5*p + 3*m - 1762 = 0. Let g = p - 46. Is g a composite number?
False
Let u = -969 - -4332. Is (1*u - 0) + 2 composite?
True
Suppose 0 = -101*t + 107*t - 2886. Is t a prime number?
False
Let u(v) = -v**3 - 7*v**2 + 24*v - 67. Is u(-21) a composite number?
True
Let x(a) = a**2 + a - 8. Let q be x(-4). Let b(d) = -1 - d + 14*d**2 + 6 + 2*d. Is b(q) a composite number?
False
Let n(m) = 105*m**2 + 4*m - 3. Let s = 35 - 37. Is n(s) a prime number?
True
Suppose 4*z + 2 = -2*a + 52, -2*z = -5*a - 55. Suppose 2*f - 2*r = 364, -z = 5*r - 8*r. Is f prime?
False
Let v(i) = i**2. Let j be v(2). Suppose -j*u + 3*n + 581 = 0, 4*n + 727 = 8*u - 3*u. Is u a composite number?
True
Let u(k) be the first derivative of k**3/3 - 2*k**2 + 8*k + 9. Suppose -4*w + 44 = -a, 3*w + 0*a + 4*a - 33 = 0. Is u(w) prime?
False
Suppose 2*p + 34 = -2*z, -p = -3*z - 6*p - 55. Let d(q) = -q**3 - 16*q**2 - 18*q + 1. Is d(z) prime?
False
Let c be 6805 - 2 - (-1 + -1 - -4). Suppose v = -o + 1363, -o - 4*o + 2*v + c = 0. Is o prime?
True
Let p(q) = 3*q**3 + 11*q**2 - 6*q - 17. Is p(7) a composite number?
True
Suppose 3*r = 3*j + 4357 + 191, -4*j - 3030 = -2*r. Is r composite?
True
Let z(l) be the third derivative of -l**4/24 + 2*l**3/3 + 7*l**2. Let x be z(6). Is (-31)/((x - -1) + 0) a prime number?
True
Let o(h) = 2*h**2 + 9*h + 4. Suppose j + 0*j + 2 = 0, -f - j = -23. Let i be 3 + (-50)/(f/5). Is o(i) prime?
False
Suppose -4*w + 82363 = -3*l, -49*w - 2*l = -50*w + 20587. Is w a prime number?
True
Let w = -1703 - -9136. Is w a prime number?
True
Is (28 + -25)/((-2)/590*-3) composite?
True
Suppose 9321 = 4*v - 7123. Is v a composite number?
False
Let v(n) = -n**2 - 7*n + 1. Let b be v(-6). Suppose 2*y + 0*y - b = -5*t, -5*y + 4*t + 34 = 0. Suppose 184 = y*p - 2*p. Is p a prime number?
False
Suppose 5*c + 2084 - 18759 = -5*d, 2*c - 6669 = -d. Is c a prime number?
False
Let l(r) = r**2 - r + 2. Suppose -2*g + 6*g = 20. Suppose -n - 23 = 3*k, n - 7*k = -3*k + g. Is l(n) composite?
True
Suppose 0 = -5*s + 3*w + 10, -4*s + 5*w + 3 = -5. Let c(x) = 219*x**3 + x**2 - 8*x + 1. Is c(s) a prime number?
True
Let o(c) = 110*c**2 - c + 2. Let n(w) = -2*w**2 + 1. Let t be n(0). Is o(t) composite?
True
Let w(m) = -7*m + 19 + 6*m + 18*m**2 + 6*m**3 - 7*m**3. Let z be w(18). Is -5*z*(-67)/5 composite?
False
Let f(j) = -971*j + 1. Suppose 3*q + p = 2*p - 9, 0 = q - p + 5. Is f(q) prime?
False
Let r(i) be the second derivative of -3*i**5/20 + i**4/3 - i**3/2 - 5*i**2/2 + 2*i. Is r(-5) a prime number?
False
Let r be ((-12)/8)/(5/20). Is (r - -1)*7/(-1) prime?
False
Is 325880/(7 - -3)*11/4 a prime number?
False
Let w(u) = -103*u - 16. Let s(x) = -102*x - 16. Let l(d) = -4*s(d) + 5*w(d). Let r be l(-8). Suppose 3*o - 5*v + 514 = 6*o, 5*o - r = -5*v. Is o prime?
True
Let o be (-37)/(-4) + -1 - (-7)/(-28). Let f(z) = 24*z - 52. Let b(c) = 6*c - 13. Let i(p) = 9*b(p) - 2*f(p). Is i(o) prime?
False
Suppose 0 = -k + 4*l + 9683, 4*k + 38648 = 8*k + 5*l. Is k composite?
True
Let t = -20 - -94. Is t a prime number?
False
Suppose -2*b - 12*l + 10*l = -10426, 4*b - 20848 = -3*l. Is b a composite number?
False
Suppose -m - j + 7725 = 0, j - 4 = -0. Is m composite?
True
Suppose -3*s + 52045 = 5*f, -3*s + f + 3*f = -52027. Is s a prime number?
False
Let r be (-9)/(9/(-464)) + 1. Let p = -128 + r. Is p a prime number?
True
Let d(k) = -2*k + 819. Let v be d(0). Let r = -433 + v. Suppose 2*z + 2*c = 784, -z - 3*c = -0*c - r. Is z a prime number?
False
Let g(b) = -11*b**3 - 38*b**2 - b + 7. Is g(-11) a composite number?
False
Let c = 78269 + -42115. Is c prime?
False
Suppose -s + 3*z + 346 + 362 = 0, -4*z + 673 = s. Suppose -4*k = y - 2792, -k - 3*y + s = -4*y. Is k a prime number?
False
Suppose 0 = -3*r + 2 + 19. Suppose 1999 = r*o - 780. Is o composite?
False
Suppose -2*b - 2*y - 11 = -5*b, 2*y = b - 5. Suppose -175 = -b*s + 830. Is s a prime number?
False
Let f = 1589 + -1581. Let y(k) = -4*k**2 + 14*k + 7. Let b(l) = -9*l**2 + 28*l + 14. Let u(c) = -3*b(c) + 7*y(c). Is u(f) a prime number?
False
Suppose 4*d + 2*v + 6 = 0, -2*d - 2*v - 1 - 1 = 0. Let s be -2 + (1 - -3 - d). Is (-1 + 178/s)*2 a prime number?
False
Let k be (-21 + 5)/4 + 4. Suppose 10*i - 3082 - 828 = k. Is i a composite number?
True
Suppose -2*k - 6 = -0*n + 2*n, 0 = k + 3*n - 3. Let h(a) = 12*a**2 + 7*a + 1. Is h(k) composite?
True
Let o(p) = -55*p + 7. Let y = -22 + 17. Let j(q) = -56*q + 7. Let h(z) = y*j(z) + 6*o(z). Is h(-5) composite?
False
Suppose 0 = -3*l + 7*l + 3*b - 23, 0 = -3*l - b + 11. Suppose -26 = -3*v + 6*r - l*r, 3*v - 3*r - 21 = 0. Is ((-614)/4)/((-1)/v) a composite number?
False
Suppose g = -g - 2*q + 3942, -4*g - q = -7872. Suppose -3*o + g = -727. Is o prime?
False
Suppose 4*z - 40134 = -2*g, -3*z - 2*g + 30118 = 3*g. Is z a prime number?
False
Let k = -1368 - -2423. Suppose 0*j + j = k. Suppose 0 = -3*i - 2*i + j. Is i a prime number?
True
Let j(f) = -483*f - 499*f + 13 - 237*f - 5. Is j(-3) prime?
False
Let k(r) = r**3 - 11*r**2 + 13*r - 5. Suppose -18 = -2*a - 0*a. Let c be k(a). Is (-2)/10 - 7460/c a prime number?
True
Suppose 0 = 3*v - 3 - 6. Suppose -1338 = -v*l - 3*l. Is l a prime number?
True
Let w = 12 - 7. Suppose y - 53 = -w*p - 0*y, 2*y = -5*p + 51. Is p composite?
False
Suppose -20 = -9*v + 5*v. Suppose -5*r - 2*j + 1995 = 0, 3*r + v*j = 5*r - 769. Is r a composite number?
False
Suppose -2*b = -5*p - 13 + 31, -5*b - 2*p - 16 = 0. Is 1/2*(270 + b) composite?
True
Suppose -5*s + 9921 = 4*r, -5*s + 3*r = -3*s - 3973. Is s a composite number?
True
Let g be (-6)/(-4) + 1/2. Suppose 0 = -5*h + g*h. Suppose -3*x + 4*x - 211 = h. Is x a composite number?
False
Let n = -22 + 18. Let u be (-141)/15 + n/(-10). Let f(o) = o**2 - 7*o - 3. Is f(u) a prime number?
False
Let c be (1764/(-8))/(5/(-230)). Suppose -4*r = -c + 3003. Suppose 5*n - 1560 = r. Is n prime?
False
Suppose -7*j + 9533 = 55. Is j composite?
True
Let i = 118 + -34. Is i/(-30)*50/(-4) composite?
True
Is -2*(51681/(-2) + -6) a composite number?
True
Suppose -k + 8 = -3*i, 2*i = 3 - 7. Suppose 2 = -2*q + 3*q. Suppose -q*l + 810 = -4*n, 6 = n + k*n. Is l a composite number?
False
Let j be ((-24)/20)/((-2)/10). Let k = -2 + 6. Is 122*(j/k - -1) a composite number?
True
Let v = 1 + -4. Let r be 340/(-8)*(-4)/5. Let a = r - v. Is a a composite number?
False
Suppose -3*k = -2*u + 7949, 4*u + k - 6007 = 9884. Is u a composite number?
True
Let y = -8 - -14. Let l(b) = b - 4. Let m be l(y). Suppose -465 = -2*f + z, -f + 950 = 3*f + m*z. Is f a prime number?
False
Suppose 0 = -60*v + 51*v + 81. Is 4197/6 - v/6 a prime number?
False
Let r(o) = -216*o + 15. Let c(t) = 144*t - 10. Let i(h) = 7*c(h) + 5*r(h). Is i(-6) a composite number?
True
Suppose -2*m + 10 = 0, -3*h + 8 = -3*m + 20. Let i be (0 + h)/((-9)/(-414)). Is i + (3 - 4) + 1 a prime number?
False
Suppose 0 = 6*g - 36275 - 8191. Is g prime?
True
Let l = -436 + 294. Let w = l + 473. Is w composite?
False
Is (-1 - 4 - -6)*(1931 + 0) prime?
True
Suppose 2*u + 4*s = 1704, -3*u = 5*s - 2017 - 537. Is u/(-24)*(-261)/6 composite?
True
Let j(o) = 205*o**2 + 4*o - 4. Let x = 10 - 6. Let m be j(x). Suppose -5*p - 137 + m = 0. Is p prime?
True
Let s(a) = 10*a**2. Suppose -q - q + 18 = 5*c, -q + 5*c - 21 = 0. Let i be s(q). Let t = i + 21. Is t a prime number?
True
Let q(z) = -z**3 + 2*z**2 - 3*z + 1. Let t be q(0). Is t/3 + 9/((-54)/(-316)) a prime number?
True
Suppose 0 = -n + 3*i + 3, -2*i + 9 = 3*n. Suppose -463 = -j - n*a, -5*j + 0*a + 2353 = -4*a. Is j a composite number?
True
Let j = -33 - -47. Is (-2)/7 + 19086/j + -2 prime?
True
Let m be (-6 + 0)*(-18)/54. Let k be m/9 + (-34)/(-9). Is 194*((-12)/k - -4) a prime number?
False
Suppose 0*n - 9549 = -9*n. Is n a composite number?
False
Suppose b + 2*l - 5 = 630, 3*l = -2*b + 1269. Is b a composite number?
True
Let b(l) = -l**3 - 4*l + 1 + 5*l**2 - 4 + 5*l. Let z be b(5). Is (z + -1)/(4/88) composite?
True
Suppose -5*z + 3*p + 80900 = -0*z, -5*z + 80920 = p. Is z composite